hundreds digit of 24989?
9
What is the thousands digit of 6801?
6
What is the hundreds digit of 487?
4
What is the thousands digit of 14007?
4
What is the ten thousands digit of 25546?
2
What is the hundreds digit of 57897?
8
What is the thousands digit of 65512?
5
What is the ten thousands digit of 41572?
4
What is the tens digit of 3197?
9
What is the units digit of 1993?
3
What is the units digit of 814?
4
What is the hundreds digit of 868?
8
What is the tens digit of 133?
3
What is the hundred thousands digit of 190035?
1
What is the units digit of 4227?
7
What is the tens digit of 22000?
0
What is the thousands digit of 36664?
6
What is the units digit of 1954?
4
What is the tens digit of 2272?
7
What is the thousands digit of 42962?
2
What is the tens digit of 35?
3
What is the hundreds digit of 6180?
1
What is the thousands digit of 9586?
9
What is the units digit of 651?
1
What is the thousands digit of 1465?
1
What is the units digit of 37603?
3
What is the hundreds digit of 5346?
3
What is the tens digit of 36880?
8
What is the ten thousands digit of 39195?
3
What is the tens digit of 6481?
8
What is the units digit of 2837?
7
What is the units digit of 1696?
6
What is the thousands digit of 2971?
2
What is the tens digit of 1545?
4
What is the tens digit of 74?
7
What is the hundred thousands digit of 198834?
1
What is the tens digit of 88409?
0
What is the thousands digit of 1026?
1
What is the thousands digit of 99184?
9
What is the units digit of 1500?
0
What is the tens digit of 12246?
4
What is the hundreds digit of 210?
2
What is the hundreds digit of 873?
8
What is the units digit of 235?
5
What is the hundreds digit of 35251?
2
What is the tens digit of 3707?
0
What is the tens digit of 810?
1
What is the units digit of 12803?
3
What is the tens digit of 1041?
4
What is the tens digit of 29720?
2
What is the hundreds digit of 4464?
4
What is the units digit of 65568?
8
What is the units digit of 6098?
8
What is the hundreds digit of 6444?
4
What is the thousands digit of 2758?
2
What is the units digit of 1048?
8
What is the thousands digit of 2482?
2
What is the hundreds digit of 7230?
2
What is the hundreds digit of 669?
6
What is the tens digit of 23728?
2
What is the hundreds digit of 347?
3
What is the units digit of 5881?
1
What is the units digit of 27453?
3
What is the ten thousands digit of 32169?
3
What is the hundreds digit of 7586?
5
What is the units digit of 109?
9
What is the thousands digit of 27593?
7
What is the thousands digit of 1521?
1
What is the thousands digit of 1057?
1
What is the ten thousands digit of 17915?
1
What is the hundreds digit of 3811?
8
What is the units digit of 5?
5
What is the units digit of 6918?
8
What is the units digit of 2163?
3
What is the units digit of 2869?
9
What is the thousands digit of 2868?
2
What is the thousands digit of 9578?
9
What is the hundreds digit of 265?
2
What is the tens digit of 496?
9
What is the hundreds digit of 1027?
0
What is the tens digit of 42385?
8
What is the tens digit of 2466?
6
What is the ten thousands digit of 16772?
1
What is the tens digit of 335?
3
What is the hundreds digit of 5853?
8
What is the units digit of 26279?
9
What is the units digit of 7196?
6
What is the units digit of 1020?
0
What is the hundreds digit of 923?
9
What is the thousands digit of 1150?
1
What is the tens digit of 1348?
4
What is the units digit of 19899?
9
What is the hundreds digit of 86341?
3
What is the units digit of 7520?
0
What is the thousands digit of 19169?
9
What is the hundreds digit of 22837?
8
What is the ten thousands digit of 36856?
3
What is the hundreds digit of 23642?
6
What is the hundreds digit of 2731?
7
What is the tens digit of 19482?
8
What is the tens digit of 5713?
1
What is the tens digit of 715?
1
What is the thousands digit of 68776?
8
What is the hundreds digit of 1026?
0
What is the hundreds digit of 11563?
5
What is the units digit of 12297?
7
What is the tens digit of 1552?
5
What is the units digit of 30114?
4
What is the tens digit of 674?
7
What is the thousands digit of 9799?
9
What is the tens digit of 261?
6
What is the thousands digit of 188264?
8
What is the units digit of 13697?
7
What is the tens digit of 10037?
3
What is the tens digit of 1924?
2
What is the tens digit of 17417?
1
What is the hundreds digit of 406?
4
What is the hundreds digit of 100?
1
What is the tens digit of 19226?
2
What is the units digit of 745?
5
What is the thousands digit of 198459?
8
What is the units digit of 68806?
6
What is the hundreds digit of 5841?
8
What is the thousands digit of 14716?
4
What is the thousands digit of 6843?
6
What is the thousands digit of 36545?
6
What is the units digit of 1874?
4
What is the tens digit of 37521?
2
What is the tens digit of 40561?
6
What is the hundreds digit of 132505?
5
What is the tens digit of 23292?
9
What is the thousands digit of 34827?
4
What is the tens digit of 2143?
4
What is the tens digit of 17748?
4
What is the thousands digit of 28419?
8
What is the tens digit of 2583?
8
What is the tens digit of 1138?
3
What is the units digit of 790?
0
What is the thousands digit of 39154?
9
What is the tens digit of 780?
8
What is the hundreds digit of 917?
9
What is the units digit of 12255?
5
What is the tens digit of 10602?
0
What is the tens digit of 117909?
0
What is the thousands digit of 3799?
3
What is the hundreds digit of 6934?
9
What is the units digit of 3879?
9
What is the units digit of 736?
6
What is the hundreds digit of 308?
3
What is the thousands digit of 23415?
3
What is the thousands digit of 19459?
9
What is the hundreds digit of 553?
5
What is the tens digit of 684?
8
What is the ten thousands digit of 28421?
2
What is the thousands digit of 23636?
3
What is the units digit of 3104?
4
What is the units digit of 2044?
4
What is the hundreds digit of 27478?
4
What is the thousands digit of 5038?
5
What is the units digit of 2947?
7
What is the tens digit of 219?
1
What is the units digit of 1183?
3
What is the units digit of 432?
2
What is the hundreds digit of 11436?
4
What is the thousands digit of 6090?
6
What is the units digit of 912?
2
What is the tens digit of 364?
6
What is the ten thousands digit of 33082?
3
What is the hundreds digit of 22261?
2
What is the hundreds digit of 964?
9
What is the units digit of 5363?
3
What is the hundreds digit of 6783?
7
What is the ten thousands digit of 30597?
3
What is the ten thousands digit of 16968?
1
What is the units digit of 206?
6
What is the ten thousands digit of 10771?
1
What is the units digit of 7611?
1
What is the tens digit of 135?
3
What is the hundreds digit of 26100?
1
What is the hundreds digit of 8277?
2
What is the thousands digit of 18461?
8
What is the tens digit of 2080?
8
What is the tens digit of 29665?
6
What is the tens digit of 80544?
4
What is the hundreds digit of 855?
8
What is the units digit of 26808?
8
What is the units digit of 2847?
7
What is the ten thousands digit of 41688?
4
What is the tens digit of 2113?
1
What is the tens digit of 3888?
8
What is the hundreds digit of 1616?
6
What is the hundred thousands digit of 161659?
1
What is the units digit of 1086?
6
What is the units digit of 5395?
5
What is the ten thousands digit of 38605?
3
What is the hundreds digit of 1110?
1
What is the hundreds digit of 11119?
1
What is the tens digit of 5107?
0
What is the ten thousands digit of 64494?
6
What is the thousands digit of 1526?
1
What is the hundreds digit of 8583?
5
What is the ten thousands digit of 37008?
3
What is the hundreds digit of 203?
2
What is the thousands digit of 3165?
3
What is the hundreds digit of 4476?
4
What is the tens digit of 1106?
0
What is the units digit of 13393?
3
What is the hundreds digit of 18645?
6
What is the units digit of 852?
2
What is the tens digit of 24803?
0
What is the tens digit of 87688?
8
What is the tens digit of 2571?
7
What is the units digit of 6498?
8
What is the thousands digit of 1582?
1
What is the hundreds digit of 452?
4
What is the tens digit of 64506?
0
What is the thousands digit of 3274?
3
What is the tens digit of 7342?
4
What is the hundreds digit of 863?
8
What is the units digit of 312?
2
What is the tens digit of 8459?
5
What is